 10 and 820.
10
Calculate the highest common divisor of 25738 and 17.
17
Calculate the highest common factor of 4301 and 374.
187
What is the greatest common divisor of 999 and 555?
111
What is the greatest common divisor of 95 and 15?
5
What is the greatest common factor of 30 and 1395?
15
What is the highest common factor of 6 and 1419?
3
What is the highest common divisor of 2 and 68?
2
Calculate the greatest common factor of 1590 and 15.
15
What is the greatest common factor of 120 and 110?
10
What is the greatest common factor of 141383 and 11?
11
Calculate the greatest common factor of 14 and 175.
7
What is the greatest common divisor of 171 and 4?
1
What is the greatest common factor of 7095 and 15?
15
Calculate the greatest common divisor of 1421 and 2639.
203
What is the greatest common factor of 2430 and 18?
18
What is the highest common factor of 28 and 35?
7
Calculate the greatest common factor of 896 and 308.
28
Calculate the highest common divisor of 5509 and 7.
7
Calculate the greatest common divisor of 16 and 16336.
16
Calculate the highest common divisor of 2508 and 396.
132
What is the highest common factor of 204 and 12104?
68
Calculate the greatest common factor of 10 and 749.
1
Calculate the highest common factor of 36 and 732.
12
Calculate the greatest common factor of 1690 and 260.
130
What is the greatest common divisor of 276 and 69?
69
What is the highest common factor of 4137 and 21?
21
What is the greatest common factor of 612 and 1989?
153
What is the highest common factor of 12 and 1212?
12
What is the highest common divisor of 56 and 308?
28
Calculate the highest common factor of 140 and 460.
20
Calculate the highest common divisor of 12 and 348.
12
What is the highest common factor of 29 and 3103?
29
Calculate the greatest common divisor of 100 and 26650.
50
What is the greatest common divisor of 250 and 2?
2
What is the greatest common divisor of 722 and 190?
38
What is the highest common factor of 18 and 2547?
9
What is the greatest common divisor of 720 and 384?
48
Calculate the highest common divisor of 4 and 536.
4
What is the greatest common divisor of 888 and 111?
111
Calculate the greatest common factor of 1645 and 140.
35
Calculate the greatest common factor of 247 and 13.
13
What is the highest common divisor of 120 and 96?
24
What is the greatest common divisor of 1043 and 1937?
149
Calculate the highest common divisor of 700 and 28.
28
Calculate the greatest common factor of 14 and 2618.
14
What is the highest common divisor of 785 and 10048?
157
What is the highest common factor of 12785 and 5?
5
Calculate the greatest common divisor of 67 and 1072.
67
Calculate the highest common factor of 51 and 1190.
17
What is the greatest common divisor of 5 and 1245?
5
Calculate the greatest common factor of 2119 and 13.
13
Calculate the highest common divisor of 38 and 494.
38
What is the highest common divisor of 363 and 11?
11
What is the greatest common factor of 230 and 782?
46
Calculate the greatest common divisor of 1515 and 120.
15
Calculate the greatest common divisor of 119 and 49.
7
Calculate the highest common factor of 700 and 8680.
140
What is the greatest common divisor of 7 and 133?
7
What is the greatest common factor of 286 and 22?
22
Calculate the highest common factor of 54 and 54.
54
What is the greatest common divisor of 8 and 11272?
8
Calculate the greatest common factor of 1196 and 624.
52
What is the highest common divisor of 222 and 370?
74
Calculate the greatest common factor of 6 and 294.
6
Calculate the highest common factor of 51 and 2329.
17
What is the highest common factor of 4471 and 6575?
263
What is the highest common factor of 594 and 432?
54
What is the highest common factor of 119 and 34?
17
What is the greatest common divisor of 206 and 2?
2
What is the highest common factor of 42 and 210?
42
What is the greatest common divisor of 360 and 3?
3
What is the greatest common factor of 91 and 117?
13
What is the highest common divisor of 29830 and 157?
157
What is the greatest common divisor of 2481 and 6?
3
Calculate the highest common factor of 171 and 20919.
57
What is the greatest common factor of 270 and 450?
90
What is the greatest common factor of 64 and 320?
64
Calculate the greatest common factor of 441 and 9.
9
Calculate the highest common factor of 174 and 1798.
58
What is the greatest common divisor of 273 and 105?
21
Calculate the greatest common factor of 15777 and 45.
9
What is the greatest common divisor of 102 and 102?
102
Calculate the greatest common factor of 10 and 30.
10
What is the highest common divisor of 247 and 19?
19
What is the highest common divisor of 5096 and 104?
104
Calculate the highest common factor of 11078 and 58.
58
What is the greatest common factor of 1344 and 84?
84
What is the greatest common factor of 3310 and 60?
10
What is the greatest common factor of 45 and 72?
9
Calculate the greatest common divisor of 106 and 26500.
106
What is the greatest common factor of 29 and 232?
29
Calculate the highest common factor of 10117 and 151.
151
Calculate the greatest common divisor of 44 and 33242.
22
Calculate the greatest common divisor of 342 and 54.
18
What is the greatest common divisor of 14 and 49?
7
Calculate the highest common divisor of 46 and 598.
46
What is the highest common factor of 568 and 2627?
71
Calculate the highest common divisor of 103 and 927.
103
Calculate the highest common factor of 22665 and 15.
15
What is the highest common divisor of 384 and 144?
48
What is the greatest common divisor of 544 and 34?
34
What is the greatest common divisor of 63 and 18?
9
Calculate the greatest common divisor of 14 and 434.
14
What is the greatest common factor of 468 and 5499?
117
Calculate the highest common divisor of 5896 and 352.
88
What is the greatest common factor of 1617 and 33?
33
Calculate the greatest common factor of 399 and 4655.
133
What is the highest common divisor of 133 and 247?
19
Calculate the highest common factor of 184 and 928.
8
What is the highest common factor of 16 and 1136?
16
What is the greatest common factor of 285 and 7365?
15
What is the greatest common factor of 477 and 530?
53
Calculate the highest common factor of 782 and 238.
34
What is the highest common factor of 520 and 3406?
26
Calculate the highest common factor of 10024 and 16.
8
What is the highest common factor of 3481 and 118?
59
What is the highest common divisor of 509 and 4?
1
What is the greatest common divisor of 24598 and 251?
251
Calculate the highest common factor of 2344 and 4.
4
What is the highest common divisor of 92 and 4?
4
What is the highest common factor of 889 and 56?
7
What is the greatest common factor of 12 and 2268?
12
What is the greatest common factor of 90 and 150?
30
What is the highest common factor of 243 and 1?
1
Calculate the greatest common factor of 130 and 1118.
26
What is the greatest common divisor of 380 and 1254?
38
Calculate the highest common divisor of 3927 and 1071.
357
Calculate the greatest common factor of 216 and 2880.
72
Calculate the greatest common factor of 1118 and 2494.
86
Calculate the highest common factor of 395 and 237.
79
Calculate the highest common factor of 1716 and 968.
44
Calculate the highest common factor of 5 and 7.
1
Calculate the greatest common factor of 49 and 114121.
49
What is the greatest common factor of 37 and 259?
37
Calculate the greatest common divisor of 83 and 913.
83
Calculate the highest common divisor of 76 and 456.
76
Calculate the greatest common factor of 60 and 1218.
6
What is the greatest common divisor of 64 and 2?
2
Calculate the greatest common divisor of 5 and 3.
1
Calculate the greatest common factor of 154 and 22.
22
Calculate the greatest common divisor of 39 and 1417.
13
Calculate the highest common factor of 845 and 65.
65
Calculate the greatest common divisor of 110 and 143.
11
Calculate the greatest common factor of 210 and 1750.
70
What is the highest common factor of 200 and 680?
40
What is the highest common divisor of 266 and 14?
14
What is the greatest common divisor of 69 and 12?
3
What is the greatest common factor of 184 and 800?
8
What is the highest common factor of 150 and 30?
30
Calculate the highest common factor of 920 and